 - 1*(0 + 1). Does 13 divide ((-6)/(-9))/(h/(-78))?
True
Suppose 0 = 4*d - 266 - 550. Let u = -104 + d. Is u a multiple of 28?
False
Let b(u) = -u**3 + 5*u**2 - 6. Let c be b(6). Is 20 a factor of c/((1/1)/(-1))?
False
Let d(w) be the first derivative of 4*w**3/3 - w - 2. Let y be d(-1). Suppose y*q = q + 2*x + 4, -4*q + 22 = 3*x. Is q a multiple of 3?
False
Let h be (12/9)/((-6)/63). Let m = 15 - h. Suppose 2*f - m = f. Is 9 a factor of f?
False
Let k = -22 + 49. Is 4 a factor of k?
False
Suppose 0*y = y + 6. Let o be ((-27)/y)/(1/(-4)). Is 3 a factor of (-6)/(-4) + (-27)/o?
True
Suppose -3*j - j = 0. Suppose -3*k + 2*x = -18, 0 = -5*k + 5*x - 17 + 47. Suppose -k = -l - j. Is l a multiple of 5?
False
Let r(k) = 4*k + 4. Let v(u) = -7*u - 7. Suppose -26 = 3*z - a, -6*z = -2*z - 2*a + 32. Let q(i) = z*r(i) - 6*v(i). Is 8 a factor of q(3)?
True
Let y(n) = -2*n - 3. Suppose 0 = r - 4*l + 19, 0*r - 2 = 2*r + 4*l. Is y(r) a multiple of 3?
False
Suppose -3*m = -i + 10, -2*m - 21 = 5*i + 14. Does 11 divide 18/45 - 133/i?
False
Suppose -2*i - 50 = -366. Is i a multiple of 8?
False
Let s = -1 - -17. Is 8 a factor of s?
True
Suppose -3*w = -5*f + 1198, 4*f - 404 = -4*w + 580. Is 21 a factor of f?
False
Suppose -2*g - 3*g - 160 = 0. Let f = -156 + 86. Let h = g - f. Is 19 a factor of h?
True
Let s = -2 - -2. Let h be 0 - s - (-2 - 0). Let i(m) = 2*m**3 - m**2 - 3*m + 2. Does 4 divide i(h)?
True
Let n(u) = u. Let l be n(5). Suppose 0 = l*p - 2*q + 9 - 0, -5*p = 4*q + 27. Let g = 24 + p. Does 8 divide g?
False
Suppose 0 = 4*h - y - 2*y - 928, -3*y = -5*h + 1160. Is 9 a factor of h?
False
Let n(d) = -d**3 - 15*d**2 + 17*d + 17. Let j be n(-16). Is 10 a factor of (18 - j) + 2 + 1?
True
Let o(x) = -3*x**2 + 5*x - 3. Let f be o(3). Does 15 divide 232/6 + (-5)/f?
False
Let o(y) = -y**3 + y**2 + 120. Does 12 divide o(0)?
True
Let g(i) = i + 6. Let p be g(-6). Suppose p*u + 15 = u. Is u a multiple of 6?
False
Let o(f) = 14*f - 4. Is 18 a factor of o(5)?
False
Let g = -44 + 254. Does 15 divide g?
True
Let b = 95 + -29. Does 4 divide b?
False
Let n be 2/(-9) - 912/27. Let q = -12 - n. Does 22 divide q?
True
Let g = 0 + 8. Is g a multiple of 3?
False
Let f = 21 + -34. Suppose h = -h + 122. Let s = h + f. Is s a multiple of 18?
False
Suppose -10*t + 2428 - 8 = 0. Does 7 divide t?
False
Let p = 5 - 5. Suppose -3*z = 5*o - 115, 5*z = -o - p*o + 1. Let j = o - 11. Is j a multiple of 5?
True
Does 26 divide (-3642)/(-30) + 4/(-10)?
False
Suppose -4*w + 4*m = -44, -6*w + 3*w - m + 53 = 0. Is 5 a factor of w?
False
Suppose 0 = 2*d - 84 + 4. Suppose 0 = 4*u + 4*k - d, -4*u - 46 = -7*u + 5*k. Does 11 divide u?
False
Let g = 92 + -7. Is 14 a factor of g?
False
Suppose 8 = 3*r - 94. Suppose o - 3*d - 2*d = 18, d + 12 = 3*o. Suppose -o*u + r = -17. Is 17 a factor of u?
True
Let r(v) = v**2 + 4*v - 15. Is 21 a factor of r(-15)?
False
Suppose 5*b = 0, 642 - 63 = 3*u + 4*b. Does 20 divide u?
False
Let s = 18 + 1. Let t(x) = x**3 + 13*x**2 - 4*x - 20. Let n be t(-13). Let p = n - s. Is 13 a factor of p?
True
Let f = 249 - 46. Does 29 divide f?
True
Suppose -3*y + 4*y = m - 22, -y = 5*m + 28. Suppose 4*z + 27 = -o, 2*o + 3*o + 227 = 3*z. Let u = y - o. Is 10 a factor of u?
True
Let z = -16 - -22. Suppose -c - 10 = -z*c. Suppose 5*a + 0*v - v - 28 = 0, -3*a + c*v + 14 = 0. Is 4 a factor of a?
False
Let q(x) = -37*x + 3. Let w be q(-3). Is (-2)/(-6)*(w + -3) a multiple of 10?
False
Let h(a) = a**3 - a**2 - 3*a + 1. Does 12 divide h(4)?
False
Let d(l) = -48*l**3 - 2*l**2 - 2*l - 1. Let a be d(-1). Let z = -1 + 4. Suppose -z*b + a = -37. Is b a multiple of 14?
True
Suppose 5*z - 4*i - 23 = 0, 4*z - 6*i = -i + 22. Is 3 a factor of z?
True
Let q be 6*((-8)/6 + 2). Suppose -q*k - 3 - 1 = 0. Is 7 a factor of (k/2)/(2/(-28))?
True
Suppose 2*c + 0*u - 67 = -u, -5*c = -3*u - 195. Does 18 divide c?
True
Suppose -k + 3*d = 9, 3 + 0 = 3*k + d. Let q be k*-2*(-2)/(-4). Suppose -a + q*b + 10 = -3*b, -3*b = 5*a - 50. Is a a multiple of 5?
True
Let p = 63 + -167. Let n = -59 - p. Let w = n - 30. Is 14 a factor of w?
False
Let h be (-1)/(-2) + (-21)/6. Let l be h + 2 - (-5 - 0). Suppose 3 = -2*j - l*g + 51, 0 = -5*j + 3*g + 146. Is j a multiple of 11?
False
Is 14 a factor of ((-9)/2)/(8/(-48))?
False
Let m = -67 - -129. Is 6 a factor of m?
False
Suppose -b + 5*k + 71 = 0, 3*b - 318 = -b + 3*k. Let t = b + -26. Is 15 a factor of t?
False
Suppose -c + 48 = h, 2*c + 8 = 4*c. Let d = h - 30. Is d a multiple of 7?
True
Let m(n) = n**2 + n. Let q be m(0). Suppose q = -v - 0 + 1. Is 10 a factor of 5/(v - (-1)/(-2))?
True
Let c(z) = -z**3 - 2*z**2 + 4*z - 1. Let v = -7 - -3. Is c(v) a multiple of 7?
False
Let h be (1 + (0 - 0))*1. Let s = 2 + h. Suppose 4*n + w - 105 = -4*w, 2*w - 70 = -s*n. Is 10 a factor of n?
True
Let m(f) = -6*f - 9. Is 3 a factor of m(-3)?
True
Let w(q) = 24*q + 40. Does 38 divide w(11)?
True
Let q(d) be the third derivative of d**4/24 + 5*d**3/2 + 2*d**2. Let y be q(-8). Suppose 37 = 4*l - y. Is l a multiple of 11?
True
Let k = -7 + 12. Suppose 2*a - 4*v - 24 = v, 2 = -k*a - 3*v. Suppose a*b + 4 = 2, 5*b = -c + 3. Does 4 divide c?
True
Let f(r) be the second derivative of r**7/2520 + 7*r**6/720 + r**5/24 + r**4/12 - 3*r. Let q(t) be the third derivative of f(t). Is q(-7) a multiple of 4?
False
Let d = 707 - 503. Suppose 72 - d = -3*x. Does 22 divide x?
True
Suppose 0 = 5*d - 5. Let c be -1*(-4 - (0 - d)). Suppose 92 = 4*l - 3*t, -c*l + 2*l - 3*t + 8 = 0. Is 7 a factor of l?
False
Suppose 2*w = -2*j + 6, -2*j + 0*w + 6 = w. Suppose 7 = j*n - 8. Suppose -2*x + 6*x = -n*o + 19, 25 = 3*o - x. Is o a multiple of 4?
False
Suppose 94 = 2*d - 98. Is d a multiple of 24?
True
Is 14*((-7)/(-2) - 3) a multiple of 3?
False
Let r(y) = -2 - 4*y**2 - 3*y**3 + 5*y**3 - 3 - 6*y - 3*y**3. Is r(-4) a multiple of 6?
False
Suppose -v - 2*c - 13 = -2*v, -2*c - 10 = 0. Let h(w) = w - 3. Let q be h(v). Does 13 divide (-2)/2 + q - -22?
False
Let h = 13 + -2. Let z(b) = b + 5. Does 5 divide z(h)?
False
Is 8436/133 + 8/14 a multiple of 11?
False
Let j(h) = h**2 - 4*h + 3. Let r be j(5). Let o = r - 5. Let w(z) = -z**3 + 5*z**2 + 4*z - 3. Does 11 divide w(o)?
False
Suppose -5*o = -2*o - 39. Does 16 divide (0 - -1) + 2 + o?
True
Let l = -40 + 70. Is l a multiple of 15?
True
Suppose -224 + 52 = -4*g - 3*z, 3*g + 5*z - 140 = 0. Is 20 a factor of g?
True
Suppose 78 = 2*p - 12. Does 9 divide p?
True
Suppose 2*s - 2*o = 128, -2*o - 132 = -2*s + 2*o. Is 15 a factor of s?
False
Does 8 divide (-60)/(-1)*12/18?
True
Let m = -7 + 8. Is 16 a factor of 9/12*44*m?
False
Let o(s) = -s**2 - 12*s + 6. Let w be o(-12). Let n(v) = -v**3 + 7*v**2 - 6*v + 6. Is 4 a factor of n(w)?
False
Let o(x) = x**2 + 2*x + 1. Let r(z) = -z**2 - 4*z + 2. Let f be r(-5). Let v be o(f). Is 18 a factor of ((-6)/8)/(v/(-192))?
True
Let m(n) be the second derivative of n**5/20 + 5*n**4/12 + 2*n**3/3 - 2*n**2 - 2*n. Let x be m(-4). Let b(p) = p**3 + 7*p**2 + 4*p - 4. Does 14 divide b(x)?
True
Suppose p - 2*p = -4*m + 12, 0 = 2*m - p - 8. Let j be (2 - m)/(-1) - -1. Suppose w - j = 4*n - 104, -5*n - 4*w = -155. Is n a multiple of 15?
False
Suppose 1 - 3 = -g. Let u = g + 3. Suppose 5*m = 2*d + 3*d - u, 4*d - 36 = -4*m. Does 5 divide d?
True
Suppose 4*f + 3*m - 79 = 0, 3*m = -f + 11 + 2. Suppose 5*t = -7 + f. Suppose -t = 2*p - 15. Is p a multiple of 6?
True
Suppose -99 = -b - u + 6, 3*b - 331 = u. Let f = -75 + b. Is 17 a factor of f?
True
Let x(w) = 5*w**2 - 3 - 5 - w**3 + 9*w + 0*w**3. Is x(6) a multiple of 6?
False
Suppose -6*k = 3*y - 2*k - 144, 2*y - 96 = -k. Does 16 divide y?
True
Suppose -2*d + 4*z = 38, -d - 4*d - 101 = -4*z. Let i = d + 77. Is i a multiple of 28?
True
Suppose 10 = 3*z - 2*d, 4*z + 17 + 8 = -5*d. Suppose -i + 2*i = z. Suppose i = -2*g - g + 27. Does 4 divide g?
False
Let t = 12 - 5. Let f = t + -13. Is 6 a factor of f*(1 - 2 - 0)?
True
Let h = 90 + -51. Let t = 55 - h. Does 12 divide t?
False
Is 6 a factor of 4/(-14) - (242/(-14) - 1)?
True
Suppose -2*f - y = -82, f - 44 = y - 3*y. Is 20 a factor of f?
True
Let f(t) = t**3 - 3*t + 2. Suppose -4*u - 2 = -10. Let n be f(u). Suppose 0*a - n*a + 184 = 0. Is 12 a factor of a?
False
Is (-59)/((-15)/(-10) + -2) a multiple of 12?
False
Let r(o) = 20*o - 8. Does 24 divide r(4)?
True
Let